*s - 1901. Calculate n(32).
307
Let q(h) = -h**3 + 16*h**2 + 1390*h - 18565. Give q(13).
12
Let d(b) = -282091*b + 36953928. What is d(131)?
7
Let u(c) = 2*c**3 + c**2 + 852*c + 5530. What is u(-6)?
22
Let l(m) = 1280824*m + 26897297. Calculate l(-21).
-7
Let z(s) = -142*s + 1120. Calculate z(8).
-16
Let u(a) = -57558*a - 8748812. Give u(-152).
4
Let t(b) = 5*b**3 - 24*b**2 - 15*b - 52. Give t(7).
382
Let l(v) = -v**3 + 3*v**2 + 7103*v - 42505. Give l(6).
5
Let w(x) = 2212*x + 117220. Give w(-53).
-16
Let l(h) = 2369*h - 19967. Determine l(7).
-3384
Let t(b) = 43783*b - 3283726. Give t(75).
-1
Let f(o) = -o**3 + 99*o**2 - 1248*o - 1034. Determine f(84).
-26
Let o(i) = -i**2 - 709*i + 24411. Give o(33).
-75
Let g(l) = -2152*l + 92568. Calculate g(43).
32
Let v(m) = 7*m**2 + 606*m + 3428. Determine v(-6).
44
Let g(k) = -6*k**2 - 414*k - 6505. Give g(-44).
95
Let b(h) = 106*h - 1728. Determine b(23).
710
Let y(b) = b**3 + 18*b**2 - 183*b + 119. Give y(-25).
319
Let q(l) = -1728*l + 57244. Calculate q(33).
220
Let y(j) = 16*j**3 + 1376*j**2 - 51*j - 4394. Calculate y(-86).
-8
Let a(z) = -2168*z - 47622. Give a(-21).
-2094
Let x(a) = 24886*a + 74706. Determine x(-3).
48
Let s(x) = -47*x - 1061. Determine s(-13).
-450
Let y(x) = -50218*x + 2812205. Calculate y(56).
-3
Let m(t) = -19769*t + 79029. Give m(4).
-47
Let k(v) = 172997*v + 346000. Calculate k(-2).
6
Let r(m) = -5*m**2 + 584*m - 8137. What is r(98)?
1075
Let j(b) = -2*b**3 - 419*b**2 + 13031*b - 948. Give j(-237).
0
Let g(m) = -4*m**2 + 34*m - 179. What is g(5)?
-109
Let o(f) = -f**2 - 365*f - 3296. Calculate o(-9).
-92
Let c(l) = 312*l**2 + 112017*l + 3227. Calculate c(-359).
-4
Let r(k) = 296*k**2 + 10075*k + 404. What is r(-34)?
30
Let z(y) = 82*y - 8837. Give z(113).
429
Let a(s) = 613305*s + 1839926. Determine a(-3).
11
Let q(k) = 1013*k + 510. What is q(-1)?
-503
Let k(g) = 35*g**2 + 4218*g + 2156. Calculate k(-120).
-4
Let y(q) = 7*q**3 + 43*q**2 - 13*q + 36. Calculate y(3).
573
Let z(h) = -526*h**2 - 66*h + 4. Calculate z(2).
-2232
Let f(p) = -p**3 + 23*p**2 - 24*p - 737. What is f(20)?
-17
Let c(i) = i**2 - 1067*i + 145116. Calculate c(160).
-4
Let u(x) = x**3 - 329*x**2 - 1015*x + 6701. Give u(332).
393
Let d(k) = -11*k**3 + 4*k**2 + 14*k + 235. Give d(0).
235
Let f(t) = -244829*t - 734554. What is f(-3)?
-67
Let t(a) = -11*a**3 + 30*a**2 - 7*a - 11. Give t(-3).
577
Let n(u) = -552*u + 65564. Give n(120).
-676
Let b(z) = 2*z**3 + 100*z**2 + 278*z + 106. Determine b(-47).
294
Let h(i) = 2*i**2 + 337*i - 3224. Give h(9).
-29
Let g(z) = -2*z**3 - 88*z**2 + 270*z - 726. Calculate g(-47).
-162
Let p(h) = 14681*h - 29473. Calculate p(2).
-111
Let j(k) = -777*k + 61881. Give j(77).
2052
Let w(f) = -f**2 + 6479*f - 232. What is w(0)?
-232
Let r(u) = 38*u**2 + 765*u + 2869. What is r(-5)?
-6
Let k(n) = 44*n**2 - 538*n - 143. Give k(11).
-737
Let w(i) = -191*i**2 + 26185*i - 2469. Give w(137).
-3
Let g(k) = -k**3 - 14*k**2 - 1603*k - 17279. Calculate g(-11).
-9
Let u(h) = 6*h**2 - 172*h + 3680. Determine u(22).
2800
Let b(h) = -4025*h + 11941. What is b(3)?
-134
Let v(g) = -3*g**3 - 143*g**2 - 93*g - 74. Determine v(-47).
-121
Let c(b) = -b**3 - 144*b**2 - 52*b - 7309. Give c(-144).
179
Let d(r) = -53*r**3 + 739*r**2 + 61*r + 25. Calculate d(14).
291
Let y(s) = s**2 - 50*s + 570. Calculate y(28).
-46
Let o(d) = -20*d**2 + 837*d + 5901. Determine o(-7).
-938
Let t(s) = 11*s**2 - 439*s + 7980. Calculate t(19).
3610
Let o(q) = 16*q**2 - 2017*q - 38918. Give o(-17).
-5
Let n(j) = 16*j**2 + 531*j + 2981. Calculate n(-26).
-9
Let x(w) = -100*w**2 + 882*w - 5254. Give x(6).
-3562
Let x(r) = 9349*r - 243039. Determine x(26).
35
Let r(n) = n**3 + 516*n**2 + 2608*n + 27108. Determine r(-511).
25
Let w(v) = -v**2 - 26*v + 1755. Give w(-53).
324
Let l(m) = -m**3 + 47*m**2 + 233*m - 947. What is l(51)?
532
Let m(o) = o**3 + 53*o**2 + 57*o + 218. Determine m(-52).
-42
Let u(g) = 8*g**2 + 5560*g + 33086. Give u(-6).
14
Let x(l) = l**3 - 13*l**2 - 70*l + 605. Calculate x(6).
-67
Let k(z) = -z**3 + 70*z**2 + 15*z + 3. What is k(0)?
3
Let v(b) = 2459*b - 9771. Calculate v(4).
65
Let x(c) = 13008*c - 38878. Calculate x(3).
146
Let r(o) = -o**3 + 2*o**2 - 385*o + 4072. Give r(9).
40
Let w(x) = 29*x**2 - 10286*x - 3177. Determine w(355).
18
Let y(z) = -z**3 - 277*z**2 - 337*z + 132908. Determine y(-274).
18
Let l(x) = 53591*x + 1768506. What is l(-33)?
3
Let b(r) = 3*r**3 - 38*r**2 + 216*r - 760. Give b(7).
-81
Let b(t) = 43*t**2 + 1592*t + 39. Calculate b(-37).
2
Let k(p) = -p**3 - 17*p**2 - 136*p - 1872. What is k(-16)?
48
Let r(j) = 1347*j + 295006. Determine r(-219).
13
Let j(x) = -26331*x - 78438. What is j(-3)?
555
Let m(p) = 589*p**2 - 1383*p + 395. Calculate m(2).
-15
Let c(x) = -2*x**3 - 29*x**2 + 64*x + 92. Calculate c(-1).
1
Let n(t) = -t**3 - 131*t**2 - 23*t - 2388. Give n(-131).
625
Let k(s) = -1216*s + 113352. Determine k(93).
264
Let d(t) = t**3 + 89*t**2 - 939*t + 166834. Determine d(-111).
1
Let v(i) = 4*i**2 - 25*i - 470. Calculate v(-14).
664
Let z(x) = -x**3 - 24*x**2 + 30*x + 387. What is z(-25)?
262
Let x(n) = n**3 + 14*n**2 - 1398*n - 18387. Give x(-13).
-44
Let k(l) = -l**2 + 321*l + 279498. Determine k(-392).
2
Let w(b) = b**3 + 22*b**2 - 136*b - 2841. Calculate w(-11).
-14
Let t(a) = a**3 + 4*a**2 - 25781*a - 103107. What is t(-4)?
17
Let j(u) = 363*u - 11201. Give j(28).
-1037
Let s(l) = -992735*l - 992712. Calculate s(-1).
23
Let h(c) = 3*c**3 - 109*c**2 - 311*c + 8757. Determine h(37).
-12
Let m(u) = 69457*u + 7987562. Calculate m(-115).
7
Let j(t) = t**3 - 31*t**2 + 83*t + 641. What is j(27)?
-34
Let w(q) = -1669*q + 317110. Calculate w(190).
0
Let a(z) = 2197*z - 22110. Calculate a(10).
-140
Let b(c) = -c**2 - 5851*c - 64164. Give b(-11).
76
Let p(s) = s**3 + 104*s**2 - 2770*s - 417. What is p(-126)?
-669
Let p(m) = m**2 - 58*m - 6700. Calculate p(117).
203
Let u(y) = 2*y**3 - 73*y**2 - 114*y - 4. Calculate u(38).
-4
Let t(c) = 2*c**2 - 22*c - 15192. Give t(-82).
60
Let s(o) = 161*o + 6805. Calculate s(-46).
-601
Let p(n) = -907*n - 3783. Give p(-4).
-155
Let d(t) = -t**3 + 82*t**2 - 788*t + 25. Determine d(11).
-52
Let d(i) = 5*i**3 - 342*i**2 + 2440*i - 2036. Give d(7).
1
Let q(m) = -50*m**2 - 56*m + 276. Determine q(5).
-1254
Let d(x) = -130*x - 1922. What is d(-20)?
678
Let j(k) = 20*k**3 + 75*k**2 - 15*k + 14. Calculate j(-4).
-6
Let j(i) = 2*i**3 - 55*i**2 + 40*i - 282. Give j(28).
1622
Let w(c) = c**3 - 59*c**2 + 121*c - 223. Give w(57).
176
Let g(i) = 2*i**3 - 27*i**2 + 20*i - 183. Give g(13).
-92
Let w(y) = -2*y**3 - 21*y**2 + 122*y - 59. What is w(4)?
-35
Let h(x) = -2*x**2 - 242*x + 2679. Give h(10).
59
Let x(j) = -88089*j + 4492542. Determine x(51).
3
Let v(c) = 51*c**2 + 1353*c + 4535. Determine v(-4).
-61
Let c(f) = 82*f**2 - 1391*f - 39484. What is c(32)?
-28
Let p(c) = 594*c - 9621. Determine p(18).
1071
Let s(r) = -r**2 + 14133*r + 9995407. What is s(-675)?
7
Let i(t) = -t**2 + 7685*t - 168588. Give i(22).
-2
Let w(d) = -d**3 - 529*d**2 - 2455*d - 461308. Determine w(-526).
-6
Let l(o) = 50*o**2 + 1271*o - 504. Calculate l(-25).
-1029
Let b(y) = y**3 - 13*y**2 + 52*y + 4210. Give b(-12).
-14
Let v(a) = -3876*a + 271783. Give v(70).
463
Let s(j) = 2453*j - 54879. What is s(22)?
-913
Let k(n) = -9*n**3 - 7*n**2 + 107*n - 96. Give k(2).
18
Let o(v) = 9174*v - 18345. Give o(2).
3
Let v(m) = -6*m**2 + 422*m - 7914. Determine v(20).
-1874
Let d(b) = -1324*b + 28001. Calculate d(21).
197
Let c(d) = -6*d**2 + 2310*d + 319472. Calculate c(493).
8
Let j(m) = -2452*m + 73519. What is j(30)?
-41
Let b(l) = -74*l - 5858. Give b(-79).
-12
Let o(v) = 9*v**3 - 693*v**2 + 6020*v + 94. Give o(10).
-6
Let b(i) = -i**3 - 20*i**2 + 531*i + 7446. Determine b(-12).
-78
Let p(j) = 189721*j + 4743032. Calculate p(-25).
7
Let y(l) = l**2 - 771*l + 6107. Give y(8).
3
Let o(k) = -k**3 + 9*k**2 - 135*k + 4593. Determine o(17).
-14
Let p(x) = x**2 + 288*x + 18338. Give p(-99).
-373
Let j(t) = 22985*t + 12365947. Determine j(-538).
17
Let w(k) = 57*k + 934. Determine w(-22).
-320
Let n(j) = 4*j**3 + 39*j**2 - 909*j - 8416. Determine n(-9).
8
Let l(a) = 26*a**3 + 4*a**2 - 109*a - 328. Give l(-3).
-667
Let f(o) = 112*o**2 - 7293*o - 151. Give f(65).
-996
Let x(m) = -905*m - 4517. Give x(-5).